{"id":740,"date":"2016-03-14T19:22:59","date_gmt":"2016-03-14T19:22:59","guid":{"rendered":"http:\/\/keine-osttangente.de\/?page_id=740"},"modified":"2016-03-14T20:04:21","modified_gmt":"2016-03-14T20:04:21","slug":"nur-fuer-mitglieder","status":"publish","type":"page","link":"https:\/\/keine-osttangente.de\/?page_id=740","title":{"rendered":"Nur f\u00fcr Mitglieder"},"content":{"rendered":"","protected":true},"excerpt":{"rendered":"","protected":true},"author":1,"featured_media":0,"parent":0,"menu_order":0,"comment_status":"closed","ping_status":"closed","template":"","meta":{"jetpack_post_was_ever_published":false,"footnotes":""},"jetpack_shortlink":"https:\/\/wp.me\/P8dGOP-bW","jetpack-related-posts":[{"id":746,"url":"https:\/\/keine-osttangente.de\/?page_id=746","url_meta":{"origin":740,"position":0},"title":"\u00d6ffentlichkeitsbeteiligung","author":"Admin","date":"14. M\u00e4rz 2016","format":false,"excerpt":"Vom 21.3.2016 bis 2.5.2016 l\u00e4uft die \u00d6ffentlichkeitsbeteiligung zum Bundesverkehrswegeplan 2030. F\u00fcr uns ist nur das Projekt B002-G080-BY\u00a0 \"Osttangente Augsburg\" relevant. Wie k\u00f6nnen Sie sich beteiligen? Wichtig ist, dass Sie sich beteiligen und auch Freunde und Bekannte auf die Thematik hinweisen. Nur wenn wir auch hier unsere Bedenken und Einw\u00e4nde formulieren\u2026","rel":"","context":"\u00c4hnlicher Beitrag","block_context":{"text":"\u00c4hnlicher Beitrag","link":""},"img":{"alt_text":"","src":"","width":0,"height":0},"classes":[]},{"id":36,"url":"https:\/\/keine-osttangente.de\/?page_id=36","url_meta":{"origin":740,"position":1},"title":"Warum wir keine Osttangente brauchen","author":"Admin","date":"20. Mai 2015","format":false,"excerpt":"\"Natur und Menschen sind das kastbarste Gut, das wir Menschen haben. Wir d\u00fcrfen und k\u00f6nnen sie nicht opfern, f\u00fcr Macht und sonstige Interessen. Wir haben eine Verpflichtung f\u00fcr k\u00fcnftige Generationen, deren Lebensgrundlagen wir, die heutige Generation, nicht zerst\u00f6ren d\u00fcrfen. Dies ist eine Verpflichtung f\u00fcr uns alle.\" Hans Schuierer, ehemaliger Landrat\u2026","rel":"","context":"\u00c4hnlicher Beitrag","block_context":{"text":"\u00c4hnlicher Beitrag","link":""},"img":{"alt_text":"","src":"","width":0,"height":0},"classes":[]},{"id":1404,"url":"https:\/\/keine-osttangente.de\/?page_id=1404","url_meta":{"origin":740,"position":2},"title":"Keine Osttangente","author":"Admin","date":"4. November 2018","format":false,"excerpt":"Die Osttangente soll als neue Schnellstra\u00dfe zwischen Oberottmarshausen (B17) bis Derching (A8) zur Entlastung der B17 und zur Lenkung \u00fcberregionaler Verkehrsstr\u00f6me zwischen Lindauer (A96) und Stuttgarter Autobahn (A8) gebaut werden. Die Ausbaugesetze f\u00fcr den Bundesverkehrswegeplan 2030 und damit die Osttangente Augsburg sind im Herbst 2016 mit der Mehrheit der CDU\/CSU\u2026","rel":"","context":"\u00c4hnlicher Beitrag","block_context":{"text":"\u00c4hnlicher Beitrag","link":""},"img":{"alt_text":"","src":"","width":0,"height":0},"classes":[]},{"id":738,"url":"https:\/\/keine-osttangente.de\/?page_id=738","url_meta":{"origin":740,"position":3},"title":"Keine Osttangente","author":"Admin","date":"14. M\u00e4rz 2016","format":false,"excerpt":"NEUES Die Firma Honold hat auf eine weitere Bewerbung um Mering verzichtet.\u00a0 Der B\u00fcrgermeister h\u00e4lt nach wie vor daran fest, einen Gro\u00dfinvestor zu suchen und der Bebauungsplan Nr. 67 bleibt weiter aktiv. Die \u00dcbergabe der Petition findet daher trotz des R\u00fcckziehers von Honold \u00f6ffentlich am Dienstag, den 24.4.2018 um 17\u2026","rel":"","context":"Mit 35 Kommentaren","block_context":{"text":"Mit 35 Kommentaren","link":"https:\/\/keine-osttangente.de\/?page_id=738#comments"},"img":{"alt_text":"","src":"https:\/\/i0.wp.com\/keine-osttangente.de\/wp-content\/uploads\/2017\/11\/dobrindt-300x233.jpg?resize=350%2C200","width":350,"height":200},"classes":[]},{"id":1576,"url":"https:\/\/keine-osttangente.de\/?page_id=1576","url_meta":{"origin":740,"position":4},"title":"Hilfe","author":"Admin","date":"16. Mai 2018","format":false,"excerpt":"Wir bieten auf diesen Seiten umfangreiche Informationen zum Thema Mobilitaet an. Hier ein \u00dcberblick \u00fcber die Funktionen: \u00a0 Header - dient zur Information Men\u00fcleiste - enth\u00e4lt statische Informationen (siehe unten) Linke Seitenleiste - zus\u00e4tzliche Funktionen Rechte Seitenleiste - zus\u00e4tzliche Funktionen Inhaltsbereich - die eigentlichen \/ dynamischen Informationen. Hier k\u00f6nnen Sie\u2026","rel":"","context":"\u00c4hnlicher Beitrag","block_context":{"text":"\u00c4hnlicher Beitrag","link":""},"img":{"alt_text":"","src":"https:\/\/i0.wp.com\/keine-osttangente.de\/wp-content\/uploads\/2018\/05\/Hilfe.jpg?resize=350%2C200","width":350,"height":200,"srcset":"https:\/\/i0.wp.com\/keine-osttangente.de\/wp-content\/uploads\/2018\/05\/Hilfe.jpg?resize=350%2C200 1x, https:\/\/i0.wp.com\/keine-osttangente.de\/wp-content\/uploads\/2018\/05\/Hilfe.jpg?resize=525%2C300 1.5x, https:\/\/i0.wp.com\/keine-osttangente.de\/wp-content\/uploads\/2018\/05\/Hilfe.jpg?resize=700%2C400 2x, https:\/\/i0.wp.com\/keine-osttangente.de\/wp-content\/uploads\/2018\/05\/Hilfe.jpg?resize=1050%2C600 3x"},"classes":[]},{"id":10,"url":"https:\/\/keine-osttangente.de\/?page_id=10","url_meta":{"origin":740,"position":5},"title":"Was ist die Osttangente?","author":"Admin","date":"20. Mai 2015","format":false,"excerpt":"Die Osttangente ist eine im Fr\u00fchjahr 2015 in die Diskussion gebrachte neue, autobahn\u00e4hnliche, vierspurige Schnellstra\u00dfe \u00f6stlich von Augsburg. \u00a0 \u00a0 \u00a0 \u00a0 \u00a0 \u00a0 \u00a0 \u00a0 \u00a0 Im Jahre 2019 wurden vier Trassenvarianten\u00a0vom staatlichen Bauamt\u00a0 untersucht. Im Fr\u00fchjahr 2020 soll eine Verkehrsanalyse sowie die abschlie\u00dfende Trassenvariante ver\u00f6ffentlicht werden. Die Osttangente\u2026","rel":"","context":"\u00c4hnlicher Beitrag","block_context":{"text":"\u00c4hnlicher Beitrag","link":""},"img":{"alt_text":"","src":"https:\/\/i0.wp.com\/keine-osttangente.de\/wp-content\/uploads\/2015\/05\/karte.jpg?resize=350%2C200","width":350,"height":200},"classes":[]}],"jetpack_likes_enabled":true,"jetpack_sharing_enabled":true,"_links":{"self":[{"href":"https:\/\/keine-osttangente.de\/index.php?rest_route=\/wp\/v2\/pages\/740"}],"collection":[{"href":"https:\/\/keine-osttangente.de\/index.php?rest_route=\/wp\/v2\/pages"}],"about":[{"href":"https:\/\/keine-osttangente.de\/index.php?rest_route=\/wp\/v2\/types\/page"}],"author":[{"embeddable":true,"href":"https:\/\/keine-osttangente.de\/index.php?rest_route=\/wp\/v2\/users\/1"}],"replies":[{"embeddable":true,"href":"https:\/\/keine-osttangente.de\/index.php?rest_route=%2Fwp%2Fv2%2Fcomments&post=740"}],"version-history":[{"count":3,"href":"https:\/\/keine-osttangente.de\/index.php?rest_route=\/wp\/v2\/pages\/740\/revisions"}],"predecessor-version":[{"id":749,"href":"https:\/\/keine-osttangente.de\/index.php?rest_route=\/wp\/v2\/pages\/740\/revisions\/749"}],"wp:attachment":[{"href":"https:\/\/keine-osttangente.de\/index.php?rest_route=%2Fwp%2Fv2%2Fmedia&parent=740"}],"curies":[{"name":"wp","href":"https:\/\/api.w.org\/{rel}","templated":true}]}}