{"id":1635,"date":"2018-09-24T19:01:32","date_gmt":"2018-09-24T19:01:32","guid":{"rendered":"http:\/\/keine-osttangente.de\/?page_id=1635"},"modified":"2018-12-14T14:16:29","modified_gmt":"2018-12-14T14:16:29","slug":"links","status":"publish","type":"page","link":"https:\/\/keine-osttangente.de\/?page_id=1635","title":{"rendered":"Links"},"content":{"rendered":"<p>An dieser Stelle finden Sie Links auf interessante und informative Webseiten:<\/p>\n<ul>\n<li><a href=\"https:\/\/keine-osttangente.de\/wp-content\/uploads\/2015\/05\/Broschuere_Verkehrswegeplan_160123.pdf\" target=\"_blank\" rel=\"noopener\">BUND: Gr\u00fcnbuch zur Transformation des\u00a0 Bundesverkehrswegeplans 2030 <\/a><\/li>\n<li>Umwelt-Bundesamt: Soziale Verteilung von Umweltbelastungen<\/li>\n<li><a href=\"https:\/\/www.nordtangente.info\" target=\"_blank\" rel=\"noopener\">Nordtangente Halle-Saale<\/a> &#8211; eine B\u00fcrgerinitiative, die mit einem \u00e4hnlichen Thema zu k\u00e4mpfen hat<\/li>\n<\/ul>\n","protected":false},"excerpt":{"rendered":"<p>An dieser Stelle finden Sie Links auf interessante und informative Webseiten: BUND: Gr\u00fcnbuch zur Transformation des\u00a0 Bundesverkehrswegeplans 2030 Umwelt-Bundesamt: Soziale Verteilung von Umweltbelastungen Nordtangente Halle-Saale &#8211; eine B\u00fcrgerinitiative, die mit einem \u00e4hnlichen Thema zu k\u00e4mpfen hat<\/p>\n","protected":false},"author":1,"featured_media":0,"parent":0,"menu_order":0,"comment_status":"closed","ping_status":"closed","template":"","meta":{"jetpack_post_was_ever_published":false,"footnotes":""},"jetpack_shortlink":"https:\/\/wp.me\/P8dGOP-qn","jetpack-related-posts":[{"id":2,"url":"https:\/\/keine-osttangente.de\/?page_id=2","url_meta":{"origin":1635,"position":0},"title":"Information","author":"Admin","date":"28. April 2015","format":false,"excerpt":"Wir sind ein Aktionsb\u00fcndnis gegen die geplante Osttangente zwischen der B17 s\u00fcdlich von K\u00f6nigsbrunn und der A8 bei Friedberg. Wir wollen keine 4-spurige, autobahn\u00e4hnliche Bundesstrasse durch sensible und wichtige Naturschutz-, Wasserschutz- und Naherholungsgebiete. Wir wollen unsere Natur und Heimat erhalten, f\u00fcr unsere Kinder und zuk\u00fcnftige Generationen. Bitte unterst\u00fctzen Sie uns\u2026","rel":"","context":"\u00c4hnlicher Beitrag","block_context":{"text":"\u00c4hnlicher Beitrag","link":""},"img":{"alt_text":"","src":"","width":0,"height":0},"classes":[]},{"id":1576,"url":"https:\/\/keine-osttangente.de\/?page_id=1576","url_meta":{"origin":1635,"position":1},"title":"Hilfe","author":"Admin","date":"16. Mai 2018","format":false,"excerpt":"Wir bieten auf diesen Seiten umfangreiche Informationen zum Thema Mobilitaet an. Hier ein \u00dcberblick \u00fcber die Funktionen: \u00a0 Header - dient zur Information Men\u00fcleiste - enth\u00e4lt statische Informationen (siehe unten) Linke Seitenleiste - zus\u00e4tzliche Funktionen Rechte Seitenleiste - zus\u00e4tzliche Funktionen Inhaltsbereich - die eigentlichen \/ dynamischen Informationen. Hier k\u00f6nnen Sie\u2026","rel":"","context":"\u00c4hnlicher Beitrag","block_context":{"text":"\u00c4hnlicher Beitrag","link":""},"img":{"alt_text":"","src":"https:\/\/i0.wp.com\/keine-osttangente.de\/wp-content\/uploads\/2018\/05\/Hilfe.jpg?resize=350%2C200","width":350,"height":200,"srcset":"https:\/\/i0.wp.com\/keine-osttangente.de\/wp-content\/uploads\/2018\/05\/Hilfe.jpg?resize=350%2C200 1x, https:\/\/i0.wp.com\/keine-osttangente.de\/wp-content\/uploads\/2018\/05\/Hilfe.jpg?resize=525%2C300 1.5x, https:\/\/i0.wp.com\/keine-osttangente.de\/wp-content\/uploads\/2018\/05\/Hilfe.jpg?resize=700%2C400 2x, https:\/\/i0.wp.com\/keine-osttangente.de\/wp-content\/uploads\/2018\/05\/Hilfe.jpg?resize=1050%2C600 3x"},"classes":[]},{"id":10,"url":"https:\/\/keine-osttangente.de\/?page_id=10","url_meta":{"origin":1635,"position":2},"title":"Was ist die Osttangente?","author":"Admin","date":"20. Mai 2015","format":false,"excerpt":"Die Osttangente ist eine im Fr\u00fchjahr 2015 in die Diskussion gebrachte neue, autobahn\u00e4hnliche, vierspurige Schnellstra\u00dfe \u00f6stlich von Augsburg. \u00a0 \u00a0 \u00a0 \u00a0 \u00a0 \u00a0 \u00a0 \u00a0 \u00a0 Im Jahre 2019 wurden vier Trassenvarianten\u00a0vom staatlichen Bauamt\u00a0 untersucht. Im Fr\u00fchjahr 2020 soll eine Verkehrsanalyse sowie die abschlie\u00dfende Trassenvariante ver\u00f6ffentlicht werden. Die Osttangente\u2026","rel":"","context":"\u00c4hnlicher Beitrag","block_context":{"text":"\u00c4hnlicher Beitrag","link":""},"img":{"alt_text":"","src":"https:\/\/i0.wp.com\/keine-osttangente.de\/wp-content\/uploads\/2015\/05\/karte.jpg?resize=350%2C200","width":350,"height":200},"classes":[]},{"id":1574,"url":"https:\/\/keine-osttangente.de\/?page_id=1574","url_meta":{"origin":1635,"position":3},"title":"Datenschutzerkl\u00e4rung","author":"Admin","date":"16. Mai 2018","format":false,"excerpt":"Diese Erkl\u00e4rung gilt f\u00fcr den Verein AKO-Alternative Konzepte f\u00fcr Mobilit\u00e4t e.V. sowie f\u00fcr das Aktionsb\u00fcndnis keine Osttangente. Der Schutz Ihrer pers\u00f6nlichen Daten ist uns ein besonderes Anliegen. Wir verarbeiten Ihre Daten daher ausschlie\u00dflich auf Grundlage der gesetzlichen Bestimmungen (EU-Datenschutzgrundverordnung (DSGVO), Telemediengesetz). In diesen Datenschutzinformationen informieren wir Sie \u00fcber die wichtigsten\u2026","rel":"","context":"\u00c4hnlicher Beitrag","block_context":{"text":"\u00c4hnlicher Beitrag","link":""},"img":{"alt_text":"","src":"","width":0,"height":0},"classes":[]}],"jetpack_likes_enabled":true,"jetpack_sharing_enabled":true,"_links":{"self":[{"href":"https:\/\/keine-osttangente.de\/index.php?rest_route=\/wp\/v2\/pages\/1635"}],"collection":[{"href":"https:\/\/keine-osttangente.de\/index.php?rest_route=\/wp\/v2\/pages"}],"about":[{"href":"https:\/\/keine-osttangente.de\/index.php?rest_route=\/wp\/v2\/types\/page"}],"author":[{"embeddable":true,"href":"https:\/\/keine-osttangente.de\/index.php?rest_route=\/wp\/v2\/users\/1"}],"replies":[{"embeddable":true,"href":"https:\/\/keine-osttangente.de\/index.php?rest_route=%2Fwp%2Fv2%2Fcomments&post=1635"}],"version-history":[{"count":2,"href":"https:\/\/keine-osttangente.de\/index.php?rest_route=\/wp\/v2\/pages\/1635\/revisions"}],"predecessor-version":[{"id":1708,"href":"https:\/\/keine-osttangente.de\/index.php?rest_route=\/wp\/v2\/pages\/1635\/revisions\/1708"}],"wp:attachment":[{"href":"https:\/\/keine-osttangente.de\/index.php?rest_route=%2Fwp%2Fv2%2Fmedia&parent=1635"}],"curies":[{"name":"wp","href":"https:\/\/api.w.org\/{rel}","templated":true}]}}