{"id":15,"date":"2015-05-20T14:03:36","date_gmt":"2015-05-20T14:03:36","guid":{"rendered":"http:\/\/keine-osttangente.de\/?page_id=15"},"modified":"2020-01-13T12:33:21","modified_gmt":"2020-01-13T12:33:21","slug":"mitglieder","status":"publish","type":"page","link":"https:\/\/keine-osttangente.de\/?page_id=15","title":{"rendered":"Mitglieder"},"content":{"rendered":"<div class=\"text_exposed_show\">\n<p><strong>Mitglieder im Aktionsb\u00fcndnis sind: (gr\u00fcn markierte haben eigene Homepage)<br \/>\n<\/strong><\/p>\n<ul>\n<li>AG Lechleite<\/li>\n<li><a href=\"http:\/\/www.aho-bayern.de\/\">Arbeitskreis Heimische Orchideen Bayern e.V.<\/a><\/li>\n<li><a href=\"https:\/\/www.bbgev.de\/\">Bayerische Botanische Gesellschaft e.V.<\/a><\/li>\n<li><a href=\"http:\/\/www.gruene-aichach-friedberg.de\/\" target=\"_blank\" rel=\"noopener\">B\u00fcndnis 90 \/ Die Gr\u00fcnen <\/a>\n<ul>\n<li><a href=\"https:\/\/gruene-augsburgland.de\/home\/\">Kreisverband Augsburg-Land<\/a><\/li>\n<li><a href=\"http:\/\/www.gruene-aichach-friedberg.de\/\" target=\"_blank\" rel=\"noopener\">KV Aichach-Friedberg<\/a><\/li>\n<li><a href=\"http:\/\/gruene-augsburg.de\/home\/\" target=\"_blank\" rel=\"noopener\" class=\"broken_link\">Kreisverband Augsburg-Stadt<\/a><\/li>\n<li><a href=\"http:\/\/www.gruene-friedberg.de\/\" target=\"_blank\" rel=\"noopener\">OV Friedberg<\/a><\/li>\n<li>OV Kissing<\/li>\n<li><a href=\"http:\/\/gruene-koenigsbrunn.de\/startseite\/\" target=\"_blank\" rel=\"noopener\" class=\"broken_link\">OV K\u00f6nigsbrunn<\/a><\/li>\n<li><a href=\"http:\/\/www.gruene-mering.de\" target=\"_blank\" rel=\"noopener\">OV Mering<\/a> (hier gehts zum <a href=\"http:\/\/blog.die-gruenen-mering.de\" target=\"_blank\" rel=\"noopener\">Blog\u00a0<\/a> des OV-Mering)<\/li>\n<li><a href=\"https:\/\/gruene-aichach-friedberg.de\/ov\/ov-merching\/\" target=\"_blank\" rel=\"noopener\" class=\"broken_link\">OV Merching<\/a><\/li>\n<\/ul>\n<\/li>\n<li><a href=\"http:\/\/www.bika-koenigsbrunn.de\/\" target=\"_blank\" rel=\"noopener\">B\u00fcrgerinitiative Keine Autobahn in K\u00f6nigsbrunn (BIKA)<\/a><\/li>\n<li><a href=\"http:\/\/www.bn-aic.de\/\" target=\"_blank\" rel=\"noopener\">Bund Naturschutz Kreisgruppe Aichach-Friedberg<\/a>\n<ul>\n<li>OG Friedberg<\/li>\n<li>OG Kissing<\/li>\n<li>OG Mering<\/li>\n<\/ul>\n<\/li>\n<li><a href=\"http:\/\/www.augsburg.bund-naturschutz.de\/\">Bund Naturschutz Kreisgruppe Augsburg<\/a><\/li>\n<li><a href=\"http:\/\/www.lechallianz.de\/home\/\" target=\"_blank\" rel=\"noopener\">Lechallianz<\/a><\/li>\n<li><a href=\"http:\/\/www.oedp-aic.de\/startseite\/\" target=\"_blank\" rel=\"noopener\">\u00d6DP KV Aichach-Friedberg<\/a><\/li>\n<li><a href=\"http:\/\/www.oedp-augsburg.de\/startseite\/\">\u00d6DP KV Augsburg-Stadt<\/a><\/li>\n<li><a href=\"https:\/\/unabhaengige-aic-fdb.de\/\" target=\"_blank\" rel=\"noopener\">Unabh\u00e4ngige Landkreis Aichach-Friedberg<\/a><\/li>\n<li>Weitwinkel e.V., Augsburg<\/li>\n<\/ul>\n<p><strong>Sprecher des B\u00fcndnisses sind<\/strong><\/p>\n<ul>\n<li>Dr. Wolfhard von Thienen, Dipl. Biologe, Mering<\/li>\n<li>Gudrun Richter, MBA, Friedberg<\/li>\n<\/ul>\n<p><strong>Kassenwart<\/strong><\/p>\n<ul>\n<li>Hans Schneider, Mering<\/li>\n<\/ul>\n<\/div>\n","protected":false},"excerpt":{"rendered":"<p>Mitglieder im Aktionsb\u00fcndnis sind: (gr\u00fcn markierte haben eigene Homepage) AG Lechleite Arbeitskreis Heimische Orchideen Bayern e.V. Bayerische Botanische Gesellschaft e.V. B\u00fcndnis 90 \/ Die Gr\u00fcnen Kreisverband Augsburg-Land KV Aichach-Friedberg Kreisverband Augsburg-Stadt OV Friedberg OV Kissing OV K\u00f6nigsbrunn OV Mering (hier gehts zum Blog\u00a0 des OV-Mering) OV Merching B\u00fcrgerinitiative Keine Autobahn in K\u00f6nigsbrunn (BIKA) Bund Naturschutz &hellip; <a href=\"https:\/\/keine-osttangente.de\/?page_id=15\" class=\"more-link\"><span class=\"screen-reader-text\">Mitglieder<\/span> weiterlesen <span class=\"meta-nav\">&rarr;<\/span><\/a><\/p>\n","protected":false},"author":1,"featured_media":0,"parent":0,"menu_order":0,"comment_status":"closed","ping_status":"closed","template":"","meta":{"jetpack_post_was_ever_published":false,"footnotes":""},"jetpack_shortlink":"https:\/\/wp.me\/P8dGOP-f","jetpack-related-posts":[{"id":2,"url":"https:\/\/keine-osttangente.de\/?page_id=2","url_meta":{"origin":15,"position":0},"title":"Information","author":"Admin","date":"28. April 2015","format":false,"excerpt":"Wir sind ein Aktionsb\u00fcndnis gegen die geplante Osttangente zwischen der B17 s\u00fcdlich von K\u00f6nigsbrunn und der A8 bei Friedberg. Wir wollen keine 4-spurige, autobahn\u00e4hnliche Bundesstrasse durch sensible und wichtige Naturschutz-, Wasserschutz- und Naherholungsgebiete. Wir wollen unsere Natur und Heimat erhalten, f\u00fcr unsere Kinder und zuk\u00fcnftige Generationen. Bitte unterst\u00fctzen Sie uns\u2026","rel":"","context":"\u00c4hnlicher Beitrag","block_context":{"text":"\u00c4hnlicher Beitrag","link":""},"img":{"alt_text":"","src":"","width":0,"height":0},"classes":[]},{"id":799,"url":"https:\/\/keine-osttangente.de\/?page_id=799","url_meta":{"origin":15,"position":1},"title":"A1 &#8211; Klimasch\u00e4dliche Abgase und Schadstoffe","author":"Admin","date":"20. M\u00e4rz 2016","format":false,"excerpt":"Thema: Laut Grundkonzeption setzt sich der Bundesverkehrswegeplan (BVWP) zum Ziel, die Emission von klimasch\u00e4dlichen Abgasen und Schadstoffen zu reduzieren. Argumentation 1: Das Ziel des BVWP, klimasch\u00e4dliche Abgase und Schadstoffe zu reduzieren wird nicht erreicht, weil es durch die Osttangente zu einer Zunahme des Verkehrs zwischen A96, B17 und A8 kommen\u2026","rel":"","context":"\u00c4hnlicher Beitrag","block_context":{"text":"\u00c4hnlicher Beitrag","link":""},"img":{"alt_text":"","src":"","width":0,"height":0},"classes":[]},{"id":819,"url":"https:\/\/keine-osttangente.de\/?page_id=819","url_meta":{"origin":15,"position":2},"title":"A4 &#8211; Verbesserung der Lebensqualit\u00e4t","author":"Admin","date":"21. M\u00e4rz 2016","format":false,"excerpt":"Thema: Ziel des BVWP ist die Verbesserung der Lebensqualit\u00e4t einschlie\u00dflich L\u00e4rmsituation in Regionen und St\u00e4dten. Argumentation 1: Das Ziel des BVWP die Lebensqualit\u00e4t und die L\u00e4rmsituation in Regionen und St\u00e4dten zu verbessern wird nicht erreicht. Die geplante Trasse f\u00fchrt mitten durch ein intensiv, von mehr als 300.000 Menschen in der\u2026","rel":"","context":"\u00c4hnlicher Beitrag","block_context":{"text":"\u00c4hnlicher Beitrag","link":""},"img":{"alt_text":"","src":"","width":0,"height":0},"classes":[]},{"id":2480,"url":"https:\/\/keine-osttangente.de\/?page_id=2480","url_meta":{"origin":15,"position":3},"title":"Galerie","author":"Wolfhard von Thienen","date":"25. November 2024","format":false,"excerpt":"\u00a0","rel":"","context":"\u00c4hnlicher Beitrag","block_context":{"text":"\u00c4hnlicher Beitrag","link":""},"img":{"alt_text":"","src":"https:\/\/i0.wp.com\/keine-osttangente.de\/wp-content\/uploads\/2024\/11\/1b269929-e475-41d8-9e72-80d38778e7b6-300x225.jpg?resize=350%2C200&ssl=1","width":350,"height":200,"srcset":"https:\/\/i0.wp.com\/keine-osttangente.de\/wp-content\/uploads\/2024\/11\/1b269929-e475-41d8-9e72-80d38778e7b6-300x225.jpg?resize=350%2C200&ssl=1 1x, https:\/\/i0.wp.com\/keine-osttangente.de\/wp-content\/uploads\/2024\/11\/1b269929-e475-41d8-9e72-80d38778e7b6-300x225.jpg?resize=525%2C300&ssl=1 1.5x"},"classes":[]},{"id":843,"url":"https:\/\/keine-osttangente.de\/?page_id=843","url_meta":{"origin":15,"position":4},"title":"A10 &#8211; St\u00e4dtebauliche Bewertung","author":"Admin","date":"21. M\u00e4rz 2016","format":false,"excerpt":"Thema: Die st\u00e4dtebauliche Bewertung ist zu wenig in die Bewertung der Osttangente eingeflossen. Argumentation 1: Die Gebiete westlich und \u00f6stlich vom Lech sind aus st\u00e4dtebaulicher Sicht unverzichtbare und wichtige Naherholungsbereiche f\u00fcr die Gemeinden Augsburg, K\u00f6nigsbrunn, Schmiechen, Merching, Mering, Kissing, Friedberg und Derching sowie f\u00fcr zahlreiche Besucher aus anderen Regionen. Wichtige\u2026","rel":"","context":"\u00c4hnlicher Beitrag","block_context":{"text":"\u00c4hnlicher Beitrag","link":""},"img":{"alt_text":"","src":"","width":0,"height":0},"classes":[]},{"id":927,"url":"https:\/\/keine-osttangente.de\/?page_id=927","url_meta":{"origin":15,"position":5},"title":"A12 &#8211; Nicht gepr\u00fcfte Alternativen","author":"Wolfhard von Thienen","date":"22. M\u00e4rz 2016","format":false,"excerpt":"Im Rahmen des BVWP sind vern\u00fcnftige Alternativen zu den vorgeschlagenen Projekten zu pr\u00fcfen. Dies ist nur unzureichend bzw. gar nicht geschehen. Bahnanschluss von Gewerbegebieten Alternativen, die zu einer Verkehrsentlastung f\u00fchren, wurden nicht gepr\u00fcft. Hierzu geh\u00f6rt insbesondere der Bahnanschluss von Gewerbegebieten z.B. in Kissing, Mering, Graben und Friedberg und die Verlagerung\u2026","rel":"","context":"\u00c4hnlicher Beitrag","block_context":{"text":"\u00c4hnlicher Beitrag","link":""},"img":{"alt_text":"","src":"","width":0,"height":0},"classes":[]}],"jetpack_likes_enabled":true,"jetpack_sharing_enabled":true,"_links":{"self":[{"href":"https:\/\/keine-osttangente.de\/index.php?rest_route=\/wp\/v2\/pages\/15"}],"collection":[{"href":"https:\/\/keine-osttangente.de\/index.php?rest_route=\/wp\/v2\/pages"}],"about":[{"href":"https:\/\/keine-osttangente.de\/index.php?rest_route=\/wp\/v2\/types\/page"}],"author":[{"embeddable":true,"href":"https:\/\/keine-osttangente.de\/index.php?rest_route=\/wp\/v2\/users\/1"}],"replies":[{"embeddable":true,"href":"https:\/\/keine-osttangente.de\/index.php?rest_route=%2Fwp%2Fv2%2Fcomments&post=15"}],"version-history":[{"count":28,"href":"https:\/\/keine-osttangente.de\/index.php?rest_route=\/wp\/v2\/pages\/15\/revisions"}],"predecessor-version":[{"id":1861,"href":"https:\/\/keine-osttangente.de\/index.php?rest_route=\/wp\/v2\/pages\/15\/revisions\/1861"}],"wp:attachment":[{"href":"https:\/\/keine-osttangente.de\/index.php?rest_route=%2Fwp%2Fv2%2Fmedia&parent=15"}],"curies":[{"name":"wp","href":"https:\/\/api.w.org\/{rel}","templated":true}]}}